{"id":123,"date":"2019-07-07T18:44:39","date_gmt":"2019-07-07T18:44:39","guid":{"rendered":"http:\/\/www.moroccoexperiencetours.com\/esp\/new-page-copy-copy\/"},"modified":"2019-07-22T06:58:14","modified_gmt":"2019-07-22T06:58:14","slug":"3-dias-viaje-de-marrakech-al-desierto","status":"publish","type":"page","link":"http:\/\/www.moroccoexperiencetours.com\/esp\/3-dias-viaje-de-marrakech-al-desierto\/","title":{"rendered":"3 d\u00edas Viaje de Marrakech al Desierto"},"content":{"rendered":"<div class=\"ttr_new-page-copy-copy_html_row0 row\">\n<div class=\"post_column col-lg-12 col-md-6 col-sm-6 col-xs-12\">\n<div class=\"ttr_new-page-copy-copy_html_column00\">\n<div style=\"height: 0px; width: 0px; overflow: hidden; -webkit-margin-top-collapse: separate;\"><\/div>\n<div class=\"html_content\">\n<h2><span style=\"color: #ffffff; font-size: 8pt;\">3 d\u00edas Viaje de Marrakech al Desierto<\/span><\/h2>\n<p style=\"margin: 0.14em 0em 0em 0.57em; line-height: 1.49142857142857;\"><span style=\"font-family: 'Crimson Text','Rosario','Times New Roman'; font-weight: bold; font-size: 1.357em; color: rgba(206,152,52,1);\">Dia 1: Marrakech \u2013 Ouarzazate \u2013 La Valle De Rosas \u2013 Las Gargantas del Dades:<\/span><\/p>\n<p style=\"margin: 0.14em 0em 0em 0.57em; line-height: 1.49142857142857;\"><span style=\"font-family: 'Crimson Text','Rosario','Times New Roman'; font-size: 1.357em;\">En Marrakech, su gu\u00eda y conductor lo recoger\u00e1 en el lugar que usted convenga con nosotros. Una vez listo, nos dirigiremos al sur, rumbo a Ouarzazate. Cruzaremos la sierra y atravesaremos el puerto de Tizi Ntichka, que alcanza su punto m\u00e1ximo a 2.260 msnm. En este recorrido,tendr\u00e1 la oportunidad de apreciar los oasis y los palmerales, las numerosas kasbahs y el paisaje del Atlas Medio. Podremos disfrutar tambi\u00e9n de la quietud de la monta\u00f1a y apreciar el estilo de vida de los pueblos ber\u00e9beres. A cada paso, descubriremos una nueva escena de la vida cotidiana de estos pueblos. Luego continuamos hacia la kasbah de Ait Ben Haddou (declarada Patrimonio de la humanidad por la UNESCO). En este espectacular marco se han rodado de varias pel\u00edculas famosas de Hollywood, como Gladiador, Ast\u00e9rix y Obb\u00e9lix, Sahara de Pen\u00e9lope Cruz. El almuerzo ser\u00e1 libre en el pueblo. Despu\u00e9s de comer seguiremos la carretera que va hasta Ouarzazate, la capital del cine. Haremos una parada en una kasbah en el centro de esta ciudad, la kasbah Taourirt, una de Las mejor conservadas, en otros tiempos, fue la residencia del pach\u00e1 de Marrakech, construida en adobe, conserva su decoraci\u00f3n de estuco pintado, los techos en madera y cedro. Al salir, continuaremos nuestro camino hacia el desierto. Pero antes, pasaremos por el Valle de Las Rosas, donde sus habitantes elaboran cremas, jabones y perfumes con agua de rosas. Seguiremos hasta llegar a Las Gargantas del Dades.<br \/>\nCena de cortes\u00eda y alojamiento en el hotel.<\/span><\/p>\n<h2><span style=\"color: #ffffff; font-size: 8pt;\">3 d\u00edas Viaje de Marrakech al Desierto<\/span><\/h2>\n<p style=\"margin: 0.14em 0em 0em 0.57em; line-height: 1.49142857142857;\"><span style=\"font-family: 'Crimson Text','Rosario','Times New Roman'; font-weight: bold; font-size: 1.357em; color: rgba(206,152,52,1);\">D\u00eda 2 : Las Gargantas Del Dades \u2013 Las Gargantas Del Todra-Erfoud -Merzouga<\/span><\/p>\n<p style=\"margin: 0.14em 0em 0em 0.57em; line-height: 1.49142857142857;\"><span style=\"font-family: 'Crimson Text','Rosario','Times New Roman'; font-size: 1.357em;\">Despu\u00e9s del desayuno, empezaremos el camino atravesando Las Gargantas del Dades, en esta ruta encontramos pueblos t\u00edpicos y nos tambi\u00e9n es la region donde podemos cruzarnos con los n\u00f3madas ber\u00e9beres de la monta\u00f1a. El almuerzo tendr\u00e1 lugar en Las Gargantas del Todra. Viajaremos por la ruta de alquitr\u00e1n, a nuestro paso podremos observar el importante palmeral de Tinghir es uno de los m\u00e1s bonitos y extensos de Marruecos. Despu\u00e9s llegaremos a la ciudad de Erfoud y desde aqu\u00ed por pista nos dirigiremos hacia Merzouga. Nos recibir\u00e1n con un hospitalario t\u00e9 y nos subiremos a los camellos que nos llevar\u00e1n, atravesando esta amplia extensi\u00f3n de arena dorado con su lento paso, pudiendo observar y sentir el maravilloso paisaje y sensaciones que nos ofrece el desierto, hasta llegar a las jaimas. All\u00ed es donde pasaremos una noche inolvidable, en medio de las dunas, con fuego, m\u00fasica que nos amenizar\u00e1 la velada con danzas tradicionales, hay que verlo,vhay que vivirlo.<br \/>\nCena de cortes\u00eda y alojamiento en las haimas.<\/span><\/p>\n<h2><span style=\"color: #ffffff; font-size: 8pt;\">3 d\u00edas Viaje de Marrakech al Desierto<\/span><\/h2>\n<p style=\"margin: 0.14em 0em 0em 0.57em; line-height: 1.49142857142857;\"><span style=\"font-family: 'Crimson Text','Rosario','Times New Roman'; font-weight: bold; font-size: 1.357em; color: rgba(206,152,52,1);\">D\u00eda 3 : Merzouga &#8211; Rissani &#8211; Alnif &#8211; El Valle Del Drra &#8211; Marrakech<\/span><\/p>\n<p style=\"margin: 0.14em 0em 0em 0.57em; line-height: 1.49142857142857;\"><span style=\"font-family: 'Crimson Text','Rosario','Times New Roman'; font-size: 1.357em;\">Por la ma\u00f1ana,temprano,despu\u00e9s de ver el amanecer desde lo alto de una duna, regresaremos al albergue, donde desayunaremos. Una vez listos, tomaremos rumbo a Ouarzazate, visitaremos la ciudad de Rissani capital econ\u00f3mica de Marruecos y primera ciudad imperial del pa\u00eds. Podremos ver el souk (mercado) bajo las arcadas rojas y sus numerosas ksours. Despu\u00e9s, seguiremos la carretera que va hasta el pueblo de Alnif, donde almorzaremos. Despu\u00e9s de comer, continuaremos a trav\u00e9s del magn\u00edfico Valle de Dra\u00e2, d\u00f3nde realizaremos varias paradas para disfrutar de este precioso valle que discurre junto al r\u00edo que lleva el mismo nombre. Es el r\u00edo mas largo de Marruecos y cruza todo el pais hasta Mauritania. Cruzaremos el Anti Atlas para llegar a Ouarzazate. Continuaremos nuestro camino y la aventura cruzando por el puerto de Tizi Ntichka (2.260 msnm), hasta llegar a Marrakech.<br \/>\nFin de esta experiencia express.<\/span><\/p>\n<h2><span style=\"color: #ffffff; font-size: 8pt;\">Tours desde Marrakech<\/span><\/h2>\n<p style=\"margin: 0.14em 0em 0em 0.57em; line-height: 1.49142857142857;\"><span style=\"font-family: 'Crimson Text','Rosario','Times New Roman'; font-size: 1.357em;\">Por favor\u00a0<\/span><a class=\"tt_link\" href=\"http:\/\/www.moroccoexperiencetours.com\/esp\/contactenos\/\" target=\"_self\" rel=\"noopener noreferrer\"><span style=\"font-family: 'Crimson Text','Rosario','Times New Roman'; font-size: 1.357em; color: rgba(0,0,255,1);\">cont\u00e1ctenos<\/span><\/a><span style=\"font-family: 'Crimson Text','Rosario','Times New Roman'; font-size: 1.357em;\"> por el precio. Gracias.<\/span><\/p>\n<h2><span style=\"color: #ffffff; font-size: 8pt;\">viajes de Marrakech al desierto<\/span><\/h2>\n<p style=\"margin: 0.14em 0em 0em 0.57em; line-height: 1.49142857142857;\"><span style=\"font-family: 'Crimson Text','Rosario','Times New Roman'; font-weight: bold; font-size: 1.357em; color: rgba(193,134,27,1);\">Incluye lista:<\/span><\/p>\n<p style=\"margin: 0.14em 0em 0em 0.57em; line-height: 1.49142857142857;\"><span style=\"font-family: 'Crimson Text','Rosario','Times New Roman'; font-size: 1.357em;\">&#8211; Conductor profesional<\/span><\/p>\n<p style=\"margin: 0.14em 0em 0em 0.57em; line-height: 1.49142857142857;\"><span style=\"font-family: 'Crimson Text','Rosario','Times New Roman'; font-size: 1.357em;\">&#8211; Aire acondicionado 4\u00d74<\/span><\/p>\n<p style=\"margin: 0.14em 0em 0em 0.57em; line-height: 1.49142857142857;\"><span style=\"font-family: 'Crimson Text','Rosario','Times New Roman'; font-size: 1.357em;\">\u2013 Gasolina<\/span><\/p>\n<p style=\"margin: 0.14em 0em 0em 0.57em; line-height: 1.49142857142857;\"><span style=\"font-family: 'Crimson Text','Rosario','Times New Roman'; font-size: 1.357em;\">\u2013 Gu\u00eda de ruta<\/span><\/p>\n<p style=\"margin: 0.14em 0em 0em 0.57em; line-height: 1.49142857142857;\"><span style=\"font-family: 'Crimson Text','Rosario','Times New Roman'; font-size: 1.357em;\">\u2013 Berber Camp (Alojamiento, Cena, Desayuno)<\/span><\/p>\n<p style=\"margin: 0.14em 0em 0em 0.57em; line-height: 1.49142857142857;\"><span style=\"font-family: 'Crimson Text','Rosario','Times New Roman'; font-size: 1.357em;\">\u2013 Paseos en camello <\/span><\/p>\n<h2><span style=\"color: #ffffff; font-size: 8pt;\">Marruecos tour del desierto<\/span><\/h2>\n<p style=\"margin: 0.14em 0em 0em 0.57em; line-height: 1.49142857142857;\"><span style=\"font-family: 'Crimson Text','Rosario','Times New Roman'; font-weight: bold; font-size: 1.357em; color: rgba(193,134,27,1);\">No incluye:<\/span><\/p>\n<p style=\"margin: 0.14em 0em 0em 0.57em; line-height: 1.49142857142857;\"><span style=\"font-family: 'Crimson Text','Rosario','Times New Roman'; font-size: 1.357em;\">\u2013 Vuelos<\/span><\/p>\n<p style=\"margin: 0.14em 0em 0em 0.57em; line-height: 1.49142857142857;\"><span style=\"font-family: 'Crimson Text','Rosario','Times New Roman'; font-size: 1.357em;\">\u2013 Bebidas<\/span><\/p>\n<p style=\"margin: 0.14em 0em 0em 0.57em; line-height: 1.49142857142857;\"><span style=\"font-family: 'Crimson Text','Rosario','Times New Roman'; font-size: 1.357em;\">\u2013 la comida.<\/span><\/p>\n<h2><span style=\"color: #ffffff; font-size: 8pt;\">Viaje de Marruecos desierto<\/span><\/h2>\n<\/div>\n<div style=\"height: 0px; width: 0px; overflow: hidden; -webkit-margin-top-collapse: separate;\"><\/div>\n<div style=\"clear: both;\"><\/div>\n<\/div>\n<\/div>\n<div class=\" visible-lg-block visible-xs-block\" style=\"clear: both;\"><\/div>\n<\/div>\n<div class=\"ttr_new-page-copy-copy_html_row1 row\">\n<div class=\"post_column col-lg-3 col-md-6 col-sm-6 col-xs-12\">\n<div class=\"ttr_new-page-copy-copy_html_column10\">\n<div style=\"height: 0px; width: 0px; overflow: hidden; -webkit-margin-top-collapse: separate;\"><\/div>\n<div class=\"html_content\">\n<p style=\"margin: 0.36em 0em 0.36em 0em; line-height: 1.49142857142857;\"><span class=\"ttr_image\" style=\"float: Left; overflow: hidden; margin: 0.29em 0.29em 0.29em 0.29em; padding: 0em 0em 0em 0em;\"><img class=\"ttr_uniform\" style=\"max-height: 200px; max-width: 355px;\" src=\"http:\/\/www.moroccoexperiencetours.com\/esp\/wp-content\/uploads\/2019\/07\/m3.jpg\" alt=\"3 d\u00edas Viaje de Marrakech al Desierto\" \/><\/span><\/p>\n<\/div>\n<div style=\"height: 0px; width: 0px; overflow: hidden; -webkit-margin-top-collapse: separate;\"><\/div>\n<div style=\"clear: both;\"><\/div>\n<\/div>\n<\/div>\n<div class=\" visible-xs-block\" style=\"clear: both;\"><\/div>\n<div class=\"post_column col-lg-3 col-md-6 col-sm-6 col-xs-12\">\n<div class=\"ttr_new-page-copy-copy_html_column11\">\n<div style=\"height: 0px; width: 0px; overflow: hidden; -webkit-margin-top-collapse: separate;\"><\/div>\n<div class=\"html_content\">\n<p style=\"margin: 0.36em 0em 0.36em 0em; line-height: 1.49142857142857;\"><span class=\"ttr_image\" style=\"float: Left; overflow: hidden; margin: 0.29em 0.29em 0.29em 0.29em; padding: 0em 0em 0em 0em;\"><img class=\"ttr_uniform\" style=\"max-height: 200px; max-width: 355px;\" src=\"http:\/\/www.moroccoexperiencetours.com\/esp\/wp-content\/uploads\/2019\/07\/21.jpg\" alt=\"Tours desde Marrakech\" \/><\/span><\/p>\n<\/div>\n<div style=\"height: 0px; width: 0px; overflow: hidden; -webkit-margin-top-collapse: separate;\"><\/div>\n<div style=\"clear: both;\"><\/div>\n<\/div>\n<\/div>\n<div class=\" visible-sm-block visible-md-block visible-xs-block\" style=\"clear: both;\"><\/div>\n<div class=\"post_column col-lg-3 col-md-6 col-sm-6 col-xs-12\">\n<div class=\"ttr_new-page-copy-copy_html_column12\">\n<div style=\"height: 0px; width: 0px; overflow: hidden; -webkit-margin-top-collapse: separate;\"><\/div>\n<div class=\"html_content\">\n<p style=\"margin: 0.36em 0em 0.36em 0em; line-height: 1.49142857142857;\"><span class=\"ttr_image\" style=\"float: Left; overflow: hidden; margin: 0.29em 0.29em 0.29em 0.29em; padding: 0em 0em 0em 0em;\"><img class=\"ttr_uniform\" style=\"max-height: 200px; max-width: 355px;\" src=\"http:\/\/www.moroccoexperiencetours.com\/esp\/wp-content\/uploads\/2019\/07\/d1.jpg\" alt=\"Viajes de Marrakech al desierto\" \/><\/span><\/p>\n<\/div>\n<div style=\"height: 0px; width: 0px; overflow: hidden; -webkit-margin-top-collapse: separate;\"><\/div>\n<div style=\"clear: both;\"><\/div>\n<\/div>\n<\/div>\n<div class=\" visible-xs-block\" style=\"clear: both;\"><\/div>\n<div class=\"post_column col-lg-3 col-md-6 col-sm-6 col-xs-12\">\n<div class=\"ttr_new-page-copy-copy_html_column13\">\n<div style=\"height: 0px; width: 0px; overflow: hidden; -webkit-margin-top-collapse: separate;\"><\/div>\n<div class=\"html_content\">\n<p style=\"margin: 0.36em 0em 0.36em 0em; line-height: 1.49142857142857;\"><span class=\"ttr_image\" style=\"float: Left; overflow: hidden; margin: 0.29em 0.29em 0.29em 0.29em; padding: 0em 0em 0em 0em;\"><img class=\"ttr_uniform\" style=\"max-height: 200px; max-width: 355px;\" src=\"http:\/\/www.moroccoexperiencetours.com\/esp\/wp-content\/uploads\/2019\/07\/d2.jpg\" alt=\"Marruecos tour del desierto\" \/><\/span><\/p>\n<\/div>\n<div style=\"height: 0px; width: 0px; overflow: hidden; -webkit-margin-top-collapse: separate;\"><\/div>\n<div style=\"clear: both;\"><\/div>\n<\/div>\n<\/div>\n<div class=\" visible-lg-block visible-sm-block visible-md-block visible-xs-block\" style=\"clear: both;\"><\/div>\n<\/div>\n","protected":false},"excerpt":{"rendered":"<p>3 d\u00edas Viaje de Marrakech al Desierto Dia 1: Marrakech \u2013 Ouarzazate \u2013 La Valle De Rosas \u2013 Las Gargantas del Dades: En Marrakech, su gu\u00eda y conductor lo recoger\u00e1 en el lugar que usted convenga con nosotros. Una vez &hellip;<\/p>\n<p><a href=\"http:\/\/www.moroccoexperiencetours.com\/esp\/3-dias-viaje-de-marrakech-al-desierto\/\">Continue Reading<span class=\"meta-nav\">&rarr;<\/span><\/a><\/p>\n","protected":false},"author":1,"featured_media":0,"parent":0,"menu_order":7,"comment_status":"closed","ping_status":"closed","template":"page-templates\/new-page-copy-copy_page.php","meta":[],"_links":{"self":[{"href":"http:\/\/www.moroccoexperiencetours.com\/esp\/wp-json\/wp\/v2\/pages\/123"}],"collection":[{"href":"http:\/\/www.moroccoexperiencetours.com\/esp\/wp-json\/wp\/v2\/pages"}],"about":[{"href":"http:\/\/www.moroccoexperiencetours.com\/esp\/wp-json\/wp\/v2\/types\/page"}],"author":[{"embeddable":true,"href":"http:\/\/www.moroccoexperiencetours.com\/esp\/wp-json\/wp\/v2\/users\/1"}],"replies":[{"embeddable":true,"href":"http:\/\/www.moroccoexperiencetours.com\/esp\/wp-json\/wp\/v2\/comments?post=123"}],"version-history":[{"count":3,"href":"http:\/\/www.moroccoexperiencetours.com\/esp\/wp-json\/wp\/v2\/pages\/123\/revisions"}],"predecessor-version":[{"id":437,"href":"http:\/\/www.moroccoexperiencetours.com\/esp\/wp-json\/wp\/v2\/pages\/123\/revisions\/437"}],"wp:attachment":[{"href":"http:\/\/www.moroccoexperiencetours.com\/esp\/wp-json\/wp\/v2\/media?parent=123"}],"curies":[{"name":"wp","href":"https:\/\/api.w.org\/{rel}","templated":true}]}}